650950 is divided by 2428?
246
Calculate the remainder when 92875355 is divided by 8443214.
1
Calculate the remainder when 337779 is divided by 9908.
907
What is the remainder when 41854 is divided by 616?
582
Calculate the remainder when 1046854 is divided by 24.
22
Calculate the remainder when 43452 is divided by 20639.
2174
Calculate the remainder when 2144902 is divided by 23.
14
Calculate the remainder when 23866351 is divided by 76.
71
Calculate the remainder when 84740 is divided by 14029.
566
What is the remainder when 425547 is divided by 9738?
6813
What is the remainder when 92991343 is divided by 322?
319
Calculate the remainder when 1866291 is divided by 342.
339
Calculate the remainder when 24548990 is divided by 8145.
8105
What is the remainder when 92408953 is divided by 341?
340
Calculate the remainder when 366222 is divided by 617.
341
Calculate the remainder when 3424078 is divided by 33.
31
Calculate the remainder when 539173 is divided by 134792.
5
Calculate the remainder when 10199 is divided by 877.
552
Calculate the remainder when 3061975 is divided by 1727.
4
What is the remainder when 250655 is divided by 83548?
11
What is the remainder when 98462 is divided by 841?
65
What is the remainder when 187750 is divided by 111?
49
Calculate the remainder when 222299 is divided by 102.
41
What is the remainder when 25862727 is divided by 8620866?
129
Calculate the remainder when 16803 is divided by 1302.
1179
What is the remainder when 3154417 is divided by 788584?
81
Calculate the remainder when 419172 is divided by 64.
36
Calculate the remainder when 1934989 is divided by 4262.
41
Calculate the remainder when 41479 is divided by 5018.
1335
Calculate the remainder when 1548968 is divided by 47.
36
Calculate the remainder when 5605567 is divided by 905.
902
What is the remainder when 1604 is divided by 787?
30
What is the remainder when 6287342 is divided by 32?
14
Calculate the remainder when 91401299 is divided by 15.
14
Calculate the remainder when 1835634 is divided by 419.
414
What is the remainder when 31009823 is divided by 72?
71
What is the remainder when 140764 is divided by 2307?
37
Calculate the remainder when 821803 is divided by 51284.
1259
What is the remainder when 36579 is divided by 353?
220
What is the remainder when 22108043 is divided by 16?
11
Calculate the remainder when 168589800 is divided by 2222.
2216
What is the remainder when 80196 is divided by 416?
324
Calculate the remainder when 91276593 is divided by 26.
5
What is the remainder when 154323212 is divided by 258?
254
Calculate the remainder when 68472 is divided by 1520.
72
What is the remainder when 24535410 is divided by 484?
482
What is the remainder when 8325516 is divided by 5722?
6
Calculate the remainder when 17249496 is divided by 392032.
88
Calculate the remainder when 83435 is divided by 83367.
68
Calculate the remainder when 537689 is divided by 38364.
593
Calculate the remainder when 580641 is divided by 72575.
41
Calculate the remainder when 438023 is divided by 712.
143
What is the remainder when 1663484 is divided by 56?
4
What is the remainder when 1156094 is divided by 2912?
30
Calculate the remainder when 49561 is divided by 12380.
41
What is the remainder when 17543386 is divided by 1489?
1477
Calculate the remainder when 110332 is divided by 1751.
19
Calculate the remainder when 27378 is divided by 1032.
546
Calculate the remainder when 285341 is divided by 2283.
2249
What is the remainder when 2260486 is divided by 822?
808
Calculate the remainder when 744026 is divided by 187.
140
What is the remainder when 492257 is divided by 41?
11
What is the remainder when 14688697 is divided by 1481?
139
What is the remainder when 8898304 is divided by 741523?
28
Calculate the remainder when 309445 is divided by 200.
45
Calculate the remainder when 1524895 is divided by 3900.
3895
What is the remainder when 5098976 is divided by 147?
134
What is the remainder when 190435 is divided by 7321?
89
What is the remainder when 1330568 is divided by 1330563?
5
What is the remainder when 1911355 is divided by 3982?
3977
What is the remainder when 139666 is divided by 6965?
366
Calculate the remainder when 178961 is divided by 2267.
2135
Calculate the remainder when 1050928 is divided by 3936.
16
What is the remainder when 18190361 is divided by 307?
304
Calculate the remainder when 22033207 is divided by 209.
9
What is the remainder when 892055727 is divided by 5853?
5850
Calculate the remainder when 4603095 is divided by 1823.
20
Calculate the remainder when 207791 is divided by 41558.
1
Calculate the remainder when 3577790 is divided by 1241.
1228
Calculate the remainder when 45791 is divided by 2539.
89
Calculate the remainder when 633562 is divided by 211108.
238
Calculate the remainder when 1883088 is divided by 533.
532
Calculate the remainder when 432661 is divided by 158.
57
Calculate the remainder when 425248 is divided by 565.
368
What is the remainder when 37753 is divided by 4107?
790
What is the remainder when 146236175 is divided by 72?
71
Calculate the remainder when 1545992 is divided by 12773.
459
What is the remainder when 72313990 is divided by 59665?
10
What is the remainder when 36888817 is divided by 36888784?
33
What is the remainder when 39028 is divided by 11450?
4678
Calculate the remainder when 1039327 is divided by 259824.
31
Calculate the remainder when 257759401 is divided by 33.
31
Calculate the remainder when 264969009 is divided by 462.
459
What is the remainder when 348362 is divided by 172357?
3648
Calculate the remainder when 101050 is divided by 542.
238
What is the remainder when 14146 is divided by 388?
178
Calculate the remainder when 10543683 is divided by 3514560.
3
What is the remainder when 56353398 is divided by 435?
18
What is the remainder when 1142740 is divided by 1142697?
43
What is the remainder when 12985 is divided by 540?
25
Calculate the remainder when 91335448 is divided by 159.
124
Calculate the remainder when 2690986 is divided by 206.
8
Calculate the remainder when 5098396 is divided by 637299.
4
What is the remainder when 2461572 is divided by 1713?
1704
What is the remainder when 4725333 is divided by 525036?
9
Calculate the remainder when 83487791 is divided by 1081.
1080
What is the remainder when 3065275 is divided by 3065246?
29
Calculate the remainder when 2618125 is divided by 1309057.
11
Calculate the remainder when 109098 is divided by 4338.
648
What is the remainder when 416258 is divided by 138710?
128
Calculate the remainder when 51199556 is divided by 12.
8
What is the remainder when 32515349 is divided by 989?
985
Calculate the remainder when 5273275 is divided by 2155.
2145
What is the remainder when 15465 is divided by 475?
265
Calculate the remainder when 327250 is divided by 19243.
119
Calculate the remainder when 294283 is divided by 1633.
343
Calculate the remainder when 175864 is divided by 19501.
355
What is the remainder when 39942585 is divided by 337?
334
What is the remainder when 26078 is divided by 5176?
198
What is the remainder when 8991489 is divided by 973?
969
What is the remainder when 414468 is divided by 84?
12
What is the remainder when 319740 is divided by 5?
0
Calculate the remainder when 1310760 is divided by 10832.
88
What is the remainder when 5235907 is divided by 5409?
5404
Calculate the remainder when 23537571 is divided by 23896.
11
Calculate the remainder when 208864685 is divided by 65.
55
Calculate the remainder when 7416847 is divided by 83.
50
Calculate the remainder when 37288 is divided by 6695.
3813
What is the remainder when 3808121 is divided by 544012?
37
What is the remainder when 1929320 is divided by 963748?
1824
Calculate the remainder when 1655076 is divided by 310.
296
What is the remainder when 5915769 is divided by 130?
119
What is the remainder when 69432654 is divided by 237783?
18
What is the remainder when 13244628 is divided by 12151?
38
What is the remainder when 565843 is divided by 101?
41
Calculate the remainder when 52068080 is divided by 17355933.
281
What is the remainder when 1147265837 is divided by 664?
661
Calculate the remainder when 53706 is divided by 25.
6
What is the remainder when 651106 is div